it of d?
8
Let z = -29 - -31. Suppose p - 4*h - 39 = -h, 38 = 2*p + z*h. What is the units digit of p?
4
Let d(p) = -p**3 + 15*p**2 + 5*p - 12. What is the tens digit of d(13)?
9
Let d be 6/(-3*1/(-4)). Let x(p) = d*p + 2 + 0 - 3 - 3*p. What is the units digit of x(2)?
9
What is the units digit of 4/(16/100)*(-222)/(-3)?
0
Suppose 0 = -5*q + 2*x - 1018, -5*q + x - 3*x - 1002 = 0. Let i = q + 295. What is the units digit of i?
3
What is the units digit of (-16)/(-28) + (-23345)/(-49)?
7
Suppose 46*u - 9 = 45*u. Let d = 33 - u. What is the tens digit of d?
2
Suppose -4*k = -2*w - 464, -2*k - 3*w + 192 = -32. What is the tens digit of k?
1
Let s = -16 - -3. Let t = s + 16. Suppose -3*d + 2*d - t*z + 42 = 0, 2*z + 193 = 5*d. What is the tens digit of d?
3
Let y = 994 + -660. Suppose 5*u = -2*q + y, 0*u = u + 2*q - 70. Suppose 3*w - d + 2*d - 99 = 0, -2*w + u = -3*d. What is the units digit of w?
3
Let g(a) = 23*a - 3. Let f be g(11). Suppose -3*t - 31 + f = 0. Suppose -367 + t = -6*v. What is the units digit of v?
9
Let o(d) be the second derivative of -d**3/6 + 2*d**2 + 8*d. Let v be o(0). Suppose -v*u - 16 = -2*y - 156, 184 = 5*u + 2*y. What is the tens digit of u?
3
Suppose -2*n = -14*n + 144. Suppose -16*a + n*a = -352. What is the tens digit of a?
8
Let t = 12 - 12. Suppose 0*d + 4*d - 4 = t. Let h = 13 - d. What is the units digit of h?
2
Let d(j) = -7*j - 13. Let h(w) = w**2 + 3*w - 6. Let p be h(0). What is the units digit of d(p)?
9
Suppose 2*p - 4*h = 264 + 46, 0 = 5*p + 2*h - 775. What is the units digit of p?
5
Let o = 1951 - -60. What is the units digit of o?
1
Let h be 844/(-3)*(-3)/2. Suppose -4*i = -94 - h. What is the units digit of i?
9
Suppose 3*p + 4*r = -90, 2*p + 65 = 4*r - 5*r. Let b = 101 + p. What is the units digit of b?
7
Let q(h) = -h**2 + 15*h + 3. Let u be q(14). Let n = u - 12. Suppose -4*i = -n*k - 128, 5*k - 6*k = -3*i + 96. What is the tens digit of i?
3
Let w(z) be the third derivative of -z**4/8 - 15*z**3/2 + 7*z**2. What is the tens digit of w(-19)?
1
Let t = -4 - -7. Let y = 201 - 99. Suppose -p + a + 38 = 0, -2*a + y = t*p + a. What is the tens digit of p?
3
Suppose -26 = -2*v - 16. Suppose -v*c + 73 = g, -2*g + 2*c + 63 = -71. What is the tens digit of g?
6
Suppose 0 = -9*j + 9 + 45. Suppose j*c = 214 + 182. What is the units digit of c?
6
Let k be 3*-1*(-21)/7. Let r = 22 - k. What is the units digit of r?
3
Let b = 212 + -388. Let r be (-18)/10*(-3 + 8/(-24)). What is the units digit of b/(-6) + r/(-18)?
9
What is the tens digit of (-11)/(110/(-30)) + 214?
1
Let u be 2/(-9) + 15590/90. Let f = -124 + u. What is the tens digit of f?
4
Let r(d) = 3*d**3 - 3*d**2 + 1. Suppose 2*u = 6, -5*w + u - 9 = -3*w. Let i(p) = p**2 + 3*p + 2. Let b be i(w). What is the units digit of r(b)?
3
Suppose 4*c = 5*i + c - 6583, 4*c = 16. What is the thousands digit of i?
1
Let o = -483 - -889. What is the hundreds digit of o?
4
Suppose -10*d - 10 = -12*d. Suppose 0 = -3*r + 6*r - d*c - 266, -3*r - c = -242. What is the units digit of r?
2
Let k(n) = 5*n - 17. Let c be k(7). Let x(s) = 0 + 6 + c*s - 2 - 15*s. What is the tens digit of x(3)?
1
Let m be (-32)/(-176) + (-876)/(-22). What is the tens digit of 2/((-116)/m + 3)?
2
Suppose -5*m - 19 = 1, -5*r + 4*m = -7931. What is the units digit of r?
3
Suppose 0*a - 270 = 5*a. Let v be ((-32)/48)/(4/a). Suppose -u - m = -2*u + v, -2*u + 5*m + 27 = 0. What is the units digit of u?
6
Suppose 0 = -4*m + 2*m + 10. Suppose -2*i = -2*f + 6, -i - 21 = -0*f + m*f. What is the units digit of 3/9 + (-172)/i?
9
Let i(z) = z**2 + 6*z. Let b = 45 + -39. What is the units digit of i(b)?
2
Suppose 2*y - d + 3 = 4*y, 3 = -4*y - 5*d. Suppose h - y*m - 42 = 0, 2*h = -m + 30 + 40. What is the tens digit of h?
3
Let a(n) = -15*n - 1. Suppose -5 = 2*q - 3. Let x be a(q). Let v(o) = -o + 27. What is the units digit of v(x)?
3
Let m = -1703 - -2919. What is the hundreds digit of m?
2
Suppose 2 = k + 5*z, z = 5*k + 6*z - 10. Suppose -k*a - 48 = -0*a. Let x = a + 47. What is the tens digit of x?
2
Let m(k) = 6*k**2 - 4*k + 4. Let w be m(-4). Suppose -2*f + 158 = -0*f. Let h = w - f. What is the tens digit of h?
3
Suppose 5*t - 8 = -3*v + 8, -3*v - 2*t + 10 = 0. Suppose -v*o - 212 - 24 = -4*p, p - 5*o = 50. What is the tens digit of p?
6
Let q(b) = -b**3 + 13*b**2 + 10*b + 18. Let t be q(13). Let c = t - 45. What is the tens digit of c?
0
Let k(m) = 3*m + 3. Let c be k(4). Let y = -16 + 15. What is the tens digit of ((-5)/c)/(y/93)?
3
Let x = 2505 - 1341. What is the tens digit of x?
6
Let o(w) = 13*w**2 + 11. Let s be (-5)/(30/(-9))*-6. Let t(z) = -6*z**2 - 5. Let i(x) = s*t(x) - 4*o(x). What is the units digit of i(-2)?
9
Let w be (-174)/(1 + 0 + -3). Suppose -2*n = -5*p + 97, 3*n = n - 5*p - w. What is the tens digit of -1 - (-2)/(-4)*n?
2
Suppose 530 = w + 4*w. Let t = w - 72. What is the units digit of t?
4
Suppose -17*z - 154 = -5560. What is the hundreds digit of z?
3
Let v = 18 - 32. Let p = -8 - v. Let y(w) = -w**3 + 7*w**2 - 3*w + 1. What is the units digit of y(p)?
9
Suppose -453 = -t - 0*t - x, -t = -3*x - 465. Suppose -4*v = 4*g - 291 - 161, 4*g = -5*v + t. What is the units digit of g?
9
Suppose 1 = -5*l - 24, 0 = 4*d + 4*l + 36. What is the units digit of (18/12)/((-2)/d)?
3
Let g = 3 + 31. Let h = 54 - g. What is the units digit of h/(-15) - 100/(-3)?
2
Let w be (-2)/(8/(-3899)) + (-23)/(-92). Suppose -3*b + 4*x = -314 - 269, -5*x - w = -5*b. What is the units digit of b?
7
Let m(j) = -j**3 + 11*j**2 + 2*j + 33. Let u be m(10). What is the tens digit of (-4 + 4 - -1) + u?
5
Let w be 186/(-18) + (-2)/(-6). Let n(q) be the second derivative of q**5/20 + 3*q**4/4 - 13*q**3/6 + 7*q**2/2 + q. What is the tens digit of n(w)?
3
Suppose 3*b = 10 + 5. Suppose 0 = 2*o + 4*s, -2*o = -7*o - b*s. Suppose 4*l + 3*h = 158 - 38, o = -4*l + 4*h + 148. What is the tens digit of l?
3
What is the hundreds digit of (0 + -139)*(-1)/1?
1
Let a(y) = -34 + 11 + 3*y**2 + 18 - 10*y. What is the hundreds digit of a(-7)?
2
What is the tens digit of -724*(-5 + 54/12)?
6
Let w(j) = j**3 - 5*j**2 + 10*j - 31. Let f be w(7). Let v = f + -108. What is the units digit of v?
9
Suppose -5*q + 20 = 2*c, 3*c = 3*q - 0*c + 9. Suppose 6 = -u - 2*u, q*h + 206 = 3*u. Let k = h - -152. What is the tens digit of k?
4
Let t be 12/18 - (-4)/3. Let o = 16 + 31. Suppose -15 = -j + t*p, 0*j + 4*p - o = -5*j. What is the tens digit of j?
1
Let v(o) = -o + 16. Let n be v(13). Let s(a) = -a**3 + 1. Let g be s(1). Suppose p = 3*l - 5, g = -0*l - n*l - 4*p + 25. What is the units digit of l?
3
Suppose 81*z - 153301 = 54140. What is the hundreds digit of z?
5
Let j be (18/15)/(4/10). Suppose j*b = 8*b - 15. Suppose 0 = 2*n + b*n - 10. What is the units digit of n?
2
Let f be (1 - 0)/(160/55 + -3). Let m(t) = -27*t - 44. What is the tens digit of m(f)?
5
Let k(v) = 7*v**3 + v - 2. What is the units digit of k(2)?
6
Let o(q) = -2*q + 8. Let j be o(4). Let t be (j - 2)/((-9)/18). Suppose 9 = 2*i - s, 4*s - 28 = -t*i + 8. What is the units digit of i?
6
Let h(m) = m**2 + 2*m + 14. Let a be h(6). Suppose -8*w - a = -854. What is the tens digit of w?
9
Let n(f) = -f**3 + 4*f**2 + 2. Let l(s) = -s**2 + 5*s + 7. Let p be l(6). Let r be 1 + p/(4/8). What is the tens digit of n(r)?
1
What is the thousands digit of (-8 - (-660)/(-4))*-7?
1
Suppose -36*d + 40*d - 4*h - 11544 = 0, d - 2896 = -h. What is the tens digit of d?
9
Let g = -17 + 34. Suppose 4*s + f = g, 0*f + 2 = -s + f. Suppose -109 + 27 = -4*k + s*h, -61 = -3*k + 2*h. What is the tens digit of k?
1
Let j = 25 + -18. Let q(y) = -y**3 + 12*y**2 - 10*y - 6. Let d be q(11). Let k = d + j. What is the tens digit of k?
1
Let v be (1 + (-3 - -1))*(-140 - -1). Let d = v - 61. What is the tens digit of d?
7
Let f be 2/4 + (-3290)/28. Let i = f - -183. What is the units digit of (-12)/i - 365/(-11)?
3
Let v = -575 + 937. What is the tens digit of v?
6
Let m = -30 - -20. Let x(q) be the second derivative of q**4/12 + q**3 - 3*q**2 - 5*q + 4. What is the units digit of x(m)?
4
Let x be (-3)/((-38)/(-16) - 2). Suppose -10*c - 39 = 61. What is the tens digit of (34/x)/(c/40)?
1
Let i(g) = 8*g - 12. Let o be (-13 - 14)*1/(-3). Let q be i(o). Suppose 5*y = -z + q, 26 = y + 2*z + 5. What is the units digit o